of u.
2, 7
Let y(p) = -p + 9. Let q be (-2)/3 - 58/3. Let k = q - -10. List the prime factors of y(k).
19
Suppose m = 4*z - 9 + 100, 0 = 5*m - 5*z - 410. What are the prime factors of m?
79
Suppose j + 5 = 5*l - 0*l, 5*j + 3*l - 59 = 0. Suppose -4*o + j = -9*o. What are the prime factors of -1 + (2 - o) - -2?
5
Let t(s) be the third derivative of -11*s**2 + 0*s + 0 + 13/24*s**4 + 0*s**3. What are the prime factors of t(2)?
2, 13
Suppose -3*m - 3*s = 15, -m - 4 = 2*s + 5. Let x be m + -1 + 10 + -3. Suppose 0 = 2*l - h - 17, 0 = x*h - 1 - 4. What are the prime factors of l?
3
Suppose -4*k + 3*k + 5607 = 2*u, -3*k + 4*u = -16841. List the prime factors of k.
31, 181
Let i(w) be the second derivative of -5*w - 1/6*w**3 + 35/2*w**2 + 0. What are the prime factors of i(0)?
5, 7
Suppose -493 = 27*i - 44*i. What are the prime factors of i?
29
Suppose -38 = -4*z + 2*m, -5*m + 4*m - 12 = -z. Suppose z*k + 10 = 2*k. What are the prime factors of (6*(0 - 1))/k?
3
Suppose -17328 = 14*q - 96414. What are the prime factors of q/28 - (-2)/8?
2, 101
Suppose 3*r = -13 - 8. Let m = r + 19. Suppose -5*j - 4*s = -75, -2*j + 2*s + m = -0*j. What are the prime factors of j?
11
Suppose -2*j = -a + 2, a + 1 - 2 = 3*j. Let p(v) = 39*v**2 - 5*v + 2. List the prime factors of p(j).
2, 3
Let n(q) = -q**2 + 2*q + 1. Let l be n(-2). What are the prime factors of (4 + l + 2)*-34?
2, 17
Suppose -5*k - 3*l + 20 = l, 5*k - 4*l - 20 = 0. Suppose 4*o - k*m - 32 = 0, -o - 2*m + 33 = 2*m. What are the prime factors of o?
13
Let q be (2 - (-4 - -3)) + -60. Let y = q + 103. What are the prime factors of y?
2, 23
Let i = 527 + 688. Suppose -4*g + 398 - i = -3*t, t - 5*g - 254 = 0. What are the prime factors of t?
3, 31
Suppose -14*i + 11*i + 3*k + 2007 = 0, -4*i + 2692 = 4*k. List the prime factors of i.
11, 61
Let r = -22 - -3851. What are the prime factors of r?
7, 547
Suppose 10*v - 4554 = 6386. List the prime factors of v.
2, 547
Let y = -12 - -14. Let f(h) = -y - 2 + 3*h + 3 + 4. List the prime factors of f(5).
2, 3
Let b(s) = s**3 + 6*s**2 - 7. Suppose -4*p = -p + 15. Let j be b(p). Let x = j - 5. What are the prime factors of x?
13
Let h(k) = k**3 - 3*k**2 - 2*k - 3. Let r = -19 + 22. Let x be h(r). Let c = x + 16. List the prime factors of c.
7
Let d = -422 + 822. List the prime factors of d.
2, 5
Suppose -3*w - 1817 = 253. What are the prime factors of ((-6)/(-3) + -3)/(10/w)?
3, 23
Let m(j) = j**3 + 5*j**2 - j - 3. Let d be m(-5). Suppose d*u + 5*q - 28 = 0, 3*u - 4*u = 4*q - 20. Suppose 24 = u*c - 4. List the prime factors of c.
7
Suppose -252*o + 586 = -251*o. List the prime factors of o.
2, 293
Let l(x) = -x**3 + 7*x**2 + 3*x. Suppose 5*z + 3*u = z + 48, -3*z - 5*u + 36 = 0. Suppose k + k - z = 0. What are the prime factors of l(k)?
2, 3
Suppose 4*d - 12 = -52. What are the prime factors of (4/15)/(d/(-15))*345?
2, 3, 23
Let t(c) = -c**3 - 3*c**2 - 4*c - 4. Let f be t(-3). Suppose 0 = 7*x - 3*x + f. Let g = 11 + x. List the prime factors of g.
3
Let w be ((-12)/(-9))/((-4)/(-6)). Suppose 5*o - 30 = -u + 4*o, 0 = -u + 5*o + 18. Let t = u + w. List the prime factors of t.
2, 3, 5
Let d = -4 - 3. Let m(p) = 4*p + 4. Let w(t) = -3*t - 4. Let k(o) = -4*m(o) - 5*w(o). List the prime factors of k(d).
11
Suppose 47 = 5*m + 7. What are the prime factors of m + -3 + (107 - -1)?
113
List the prime factors of (-18*20/150)/(2/(-290)).
2, 3, 29
Let a(f) = f**2 - 60*f + 595. What are the prime factors of a(57)?
2, 53
Let z(j) = -j**3 - 8*j**2 + 9*j - 10. Let t be z(-9). List the prime factors of (2 + -4)*295/t.
59
Let p(l) be the third derivative of l**6/120 + l**5/60 - l**4/6 + 127*l**3/6 + 40*l**2. List the prime factors of p(0).
127
Let s(o) = 2*o - 9. Let k = 1 + 6. Let l be s(k). Suppose -4*w - t + 52 = 0, 2*w - l*t = -w + 62. What are the prime factors of w?
2, 7
Let r = -614 + 2705. What are the prime factors of r?
3, 17, 41
Let h(c) = -c + 1. Let q(m) = -19*m + 11. Let z(o) = -3*h(o) - q(o). List the prime factors of z(7).
2, 5, 7
Suppose z - 40 = -3*y, -19 = 2*y + 2*z - 51. Suppose 5*s + 2 = y. Suppose 164 = 3*c + s*t, c + 43 = 2*c + 3*t. What are the prime factors of c?
2, 29
Let s(p) = -p**3 + 26*p**2 + 22. Let u be s(26). Suppose -u*f = -26*f + 240. What are the prime factors of f?
2, 3, 5
List the prime factors of 1/(8/29312*4).
2, 229
Suppose -4*k + 2040 = -3*w, -4*k = -5*w - 188 - 1844. What are the prime factors of k?
3, 19
Let v = -781 + 1508. What are the prime factors of v?
727
Let g be (613 - 0) + (2 - (-3)/(-1)). Suppose 123*y = 126*y - g. List the prime factors of y.
2, 3, 17
Suppose 8*c - 3*h = 3*c + 2241, 5*c + 2*h - 2231 = 0. What are the prime factors of c?
3, 149
Suppose -504 = 6*h - 3108. List the prime factors of h.
2, 7, 31
Let x(t) = -17*t - 2. Let w = 15 - 16. Let n be x(w). Let m = n - 10. List the prime factors of m.
5
Let r(n) = 11*n**2 + 7*n + 4. What are the prime factors of r(-6)?
2, 179
Let i = 6 + 9. Let f = -11 + i. Suppose -w + 2 + 40 = -x, -f*x + 22 = w. List the prime factors of w.
2, 19
Let l be ((-6)/(-4))/(1/(-12)). Let t = -18 - l. Suppose t*p - p = -21. What are the prime factors of p?
3, 7
Let a(w) = w**2 - 4*w + 41. List the prime factors of a(32).
937
Let i(o) = 28*o - 123. What are the prime factors of i(28)?
661
Suppose 5*i = 5*f + 30, 4*f + 4 + 8 = -2*i. Let x be 160/(-12) - (-2 + (-10)/(-6)). What are the prime factors of (x + 9)/(i/(-11))?
2, 11
Suppose -13762 = -5*r + 9*r + 2*f, -2 = 2*f. List the prime factors of r/(-44) + (-4)/22.
2, 3, 13
Let y(v) = 11*v**2 + 9*v + 224. List the prime factors of y(-13).
2, 983
Suppose 3*q - 5*u = 692, -q - 2*u + 286 = 37. List the prime factors of q.
239
Let d(t) = -t**2 - 6*t. Suppose 28 = -0*j - 4*j. Let h be d(j). Let b = 10 - h. What are the prime factors of b?
17
Let u = 830 + -845. Let m be 2*(38/(-4) + -2). Let d = u - m. What are the prime factors of d?
2
Suppose c + 12 = 5*c, 0 = 5*d - 4*c - 2703. List the prime factors of d.
3, 181
Suppose -q - 3 = -o - 4, 0 = -q + 4*o - 2. Suppose -2*m = -q*b + 3*b - 163, 3*b = 2*m - 183. Suppose -3*i - 24 = -m. List the prime factors of i.
2, 5
Suppose -4*d = -5 + 1. Suppose 8*n + 30 = 5*t + 13*n, 0 = 5*t + 3*n - 26. Let b = t + d. What are the prime factors of b?
5
Let p(x) be the third derivative of -x**6/120 - 7*x**5/20 - x**4/12 - 2*x**3/3 + 10*x**2. What are the prime factors of p(-21)?
2, 19
Suppose -1794 = -10*j + 2386. List the prime factors of j.
2, 11, 19
Let w(s) = -2*s**3 + 11*s**2 - s - 2. What are the prime factors of w(-6)?
2, 13
Let l be (-116)/14 + (-16)/(-56). Let q(g) = -17*g + 1. List the prime factors of q(l).
137
Let z be (-12)/(-32) + (-87)/(-24) - 34. Let d(w) = -w + 1. Let c be d(6). List the prime factors of ((-28)/c)/((-12)/z).
2, 7
Let q be 0/(2 - -1) - -50. What are the prime factors of q - (0 + -5 - -10)?
3, 5
Let n = 455 + 1506. What are the prime factors of n?
37, 53
Let d(t) = -4*t + 26. Let u be d(9). What are the prime factors of ((-15)/u)/(3/116)?
2, 29
Suppose -9*n + 6 + 12 = 0. List the prime factors of (258/(-4) - n)*(-1 + -1).
7, 19
Let x = -364 - -523. Suppose 9*z = 12*z - x. List the prime factors of z.
53
Let k = -16 + 387. What are the prime factors of k?
7, 53
Let s(f) = -124*f**3 + f**2 - 2*f - 2. Suppose 0 = -2*l - 4 + 2. What are the prime factors of s(l)?
5
Suppose 0 = 22*j + 12925 - 81389. List the prime factors of j.
2, 389
Let v be (-5)/(-30) + (-22)/(-12). Let y(r) = 5*r + 7*r**v + 7*r**2 + r + 3 - 4*r**2. List the prime factors of y(-2).
31
Let j(q) = q**3 + 5*q**2 - 3*q - 1. Let d be -11 + 12 - (2 - 4). What are the prime factors of j(d)?
2, 31
Let v = -3788 + 5713. What are the prime factors of v?
5, 7, 11
Suppose -3*a = -10 + 1. What are the prime factors of -3*8/(-3 - (a + -3))?
2
Let x(h) be the third derivative of h**6/120 + h**5/6 + h**4/8 - 13*h**3/6 - 5*h**2. List the prime factors of x(-9).
41
Let z be ((-2)/(-6))/((-1)/(-354)). Let n = -26 - -52. Suppose s - n = -0*h + h, 5*s = h + z. List the prime factors of s.
23
Suppose 47985 = 10*a + 25*a. What are the prime factors of a?
3, 457
Suppose 0*z - 35 = -5*z. Let v = z - 38. Let k = v - -63. What are the prime factors of k?
2
Let x = 44 + -32. Let j be ((-450)/x)/((-9)/12). Suppose -3*l - j = -g, g + 5*l = 3*g - 104. List the prim